ded by 12?
9
Calculate the remainder when 14851 is divided by 381.
373
Calculate the remainder when 1522 is divided by 502.
16
What is the remainder when 26532 is divided by 201?
0
Calculate the remainder when 2375 is divided by 91.
9
Calculate the remainder when 2928 is divided by 2926.
2
What is the remainder when 1393 is divided by 251?
138
Calculate the remainder when 142179 is divided by 9.
6
Calculate the remainder when 22282 is divided by 5570.
2
Calculate the remainder when 1642665 is divided by 547549.
18
What is the remainder when 459318 is divided by 1526?
1518
What is the remainder when 276413 is divided by 29?
14
Calculate the remainder when 6296 is divided by 23.
17
What is the remainder when 10098 is divided by 79?
65
What is the remainder when 5903 is divided by 2924?
55
Calculate the remainder when 1312198 is divided by 509.
505
Calculate the remainder when 22974 is divided by 563.
454
Calculate the remainder when 16604 is divided by 48.
44
What is the remainder when 9525 is divided by 209?
120
Calculate the remainder when 126250 is divided by 25243.
35
Calculate the remainder when 2650 is divided by 81.
58
What is the remainder when 849 is divided by 179?
133
What is the remainder when 746205 is divided by 11?
9
What is the remainder when 765692 is divided by 19?
11
Calculate the remainder when 217656 is divided by 21765.
6
What is the remainder when 33649 is divided by 6?
1
What is the remainder when 138451 is divided by 460?
451
Calculate the remainder when 15494 is divided by 304.
294
Calculate the remainder when 69156 is divided by 17273.
64
What is the remainder when 13378 is divided by 2599?
383
Calculate the remainder when 1181166 is divided by 749.
742
What is the remainder when 1075 is divided by 329?
88
Calculate the remainder when 113212 is divided by 14.
8
Calculate the remainder when 71190 is divided by 92.
74
What is the remainder when 3734 is divided by 160?
54
Calculate the remainder when 768 is divided by 628.
140
What is the remainder when 44666 is divided by 63?
62
Calculate the remainder when 596538 is divided by 13.
7
What is the remainder when 142 is divided by 103?
39
Calculate the remainder when 3764 is divided by 43.
23
Calculate the remainder when 281790 is divided by 92.
86
Calculate the remainder when 1153874 is divided by 75.
74
What is the remainder when 58855 is divided by 566?
557
Calculate the remainder when 20940 is divided by 6969.
33
What is the remainder when 1744 is divided by 343?
29
What is the remainder when 157085 is divided by 3653?
6
Calculate the remainder when 1064931 is divided by 246.
243
Calculate the remainder when 686 is divided by 543.
143
What is the remainder when 1693150 is divided by 77?
74
Calculate the remainder when 19031 is divided by 13.
12
What is the remainder when 222287 is divided by 1170?
1157
Calculate the remainder when 2364 is divided by 589.
8
Calculate the remainder when 36670 is divided by 42.
4
What is the remainder when 89282 is divided by 301?
186
Calculate the remainder when 48512 is divided by 111.
5
What is the remainder when 320 is divided by 100?
20
Calculate the remainder when 200870 is divided by 663.
644
What is the remainder when 49044 is divided by 1481?
171
What is the remainder when 128682 is divided by 21447?
0
What is the remainder when 186 is divided by 19?
15
Calculate the remainder when 4365 is divided by 386.
119
Calculate the remainder when 2649 is divided by 785.
294
Calculate the remainder when 52868 is divided by 423.
416
Calculate the remainder when 6432 is divided by 2060.
252
Calculate the remainder when 113217 is divided by 765.
762
What is the remainder when 162898 is divided by 23271?
1
Calculate the remainder when 614452 is divided by 8.
4
Calculate the remainder when 2237 is divided by 2153.
84
What is the remainder when 967 is divided by 237?
19
What is the remainder when 170 is divided by 151?
19
Calculate the remainder when 87589 is divided by 161.
5
Calculate the remainder when 110759 is divided by 155.
89
What is the remainder when 257 is divided by 127?
3
What is the remainder when 37037 is divided by 426?
401
Calculate the remainder when 101953 is divided by 206.
189
What is the remainder when 261955 is divided by 59?
54
What is the remainder when 75286 is divided by 27?
10
What is the remainder when 16142 is divided by 1068?
122
What is the remainder when 200642 is divided by 1278?
1274
What is the remainder when 2202 is divided by 832?
538
What is the remainder when 86334 is divided by 28746?
96
Calculate the remainder when 87029 is divided by 10875.
29
Calculate the remainder when 5138494 is divided by 198.
196
What is the remainder when 45311 is divided by 70?
21
Calculate the remainder when 31276 is divided by 15633.
10
What is the remainder when 5812 is divided by 252?
16
What is the remainder when 254823 is divided by 143?
140
What is the remainder when 15609 is divided by 123?
111
What is the remainder when 74951 is divided by 3404?
63
Calculate the remainder when 4288 is divided by 33.
31
What is the remainder when 50151 is divided by 604?
19
What is the remainder when 9934 is divided by 254?
28
Calculate the remainder when 471768 is divided by 494.
492
What is the remainder when 972417 is divided by 15?
12
Calculate the remainder when 86041 is divided by 956.
1
Calculate the remainder when 320764 is divided by 579.
577
What is the remainder when 729 is divided by 365?
364
What is the remainder when 3336 is divided by 300?
36
Calculate the remainder when 6788 is divided by 1711.
1655
What is the remainder when 6728 is divided by 681?
599
What is the remainder when 6518 is divided by 407?
6
Calculate the remainder when 552029 is divided by 69.
29
Calculate the remainder when 1880 is divided by 130.
60
Calculate the remainder when 3087 is divided by 352.
271
Calculate the remainder when 2673 is divided by 111.
9
Calculate the remainder when 746 is divided by 59.
38
Calculate the remainder when 2637 is divided by 20.
17
Calculate the remainder when 900 is divided by 596.
304
What is the remainder when 33168 is divided by 456?
336
What is the remainder when 21395 is divided by 10343?
709
Calculate the remainder when 1641209 is divided by 681.
680
What is the remainder when 1353 is divided by 29?
19
Calculate the remainder when 16671 is divided by 210.
81
What is the remainder when 5179 is divided by 1644?
247
Calculate the remainder when 8759 is divided by 73.
72
What is the remainder when 5484 is divided by 1524?
912
Calculate the remainder when 6542 is divided by 6.
2
Calculate the remainder when 130744 is divided by 566.
564
Calculate the remainder when 179443 is divided by 566.
21
What is the remainder when 5666 is divided by 820?
746
What is the remainder when 133022 is divided by 85?
82
What is the remainder when 622313 is divided by 24?
17
Calculate the remainder when 2840 is divided by 207.
149
What is the remainder when 391117 is divided by 80?
77
What is the remainder when 1639 is divided by 164?
163
Calculate the remainder when 4616 is divided by 330.
326
What is the remainder when 4401858 is divided by 10?
8
What is the remainder when 6091 is divided by 86?
71
Calculate the remainder when 52338 is divided by 1494.
48
Calculate the remainder when 832335 is divided by 167.
7
Calculate the remainder when 2911 is divided by 723.
19
Calculate the remainder when 71054 is divided by 14209.
9
What is the remainder when 868962 is divided by 15?
12
Calculate the remainder when 258193 is divided by 3397.
21
What is the remainder when 340921 is divided by 23?
15
What is the remainder when 93255 is divided by 30?
15
What is the remainder when 3569 is divided by 1106?
251
What is the remainder when 7612 is divided by 41?
27
What is the remainder when 35022 is divided by 7000?
22
What is the remainder when 1050824 is divided by 1512?
1496
What is the remainder when 20872 is divided by 26?
20
What is the remainder when 8360 is divided by 246?
242
Calculate the remainder when 5481 is divided by 514.
341
What is the remainder when 85682 is divided by 85671?
11
Calculate the remainder when 3678 is divided by 1805.
68
Calculate the remainder when 5661 is divided by 2827.
7
What is the remainder when 3308 is divide